


{"id":4419,"date":"2018-12-23T10:22:10","date_gmt":"2018-12-23T09:22:10","guid":{"rendered":"https:\/\/attentionmedia.se\/demo\/large\/htryck\/?page_id=4419"},"modified":"2019-10-30T12:48:48","modified_gmt":"2019-10-30T11:48:48","slug":"webborder","status":"publish","type":"page","link":"https:\/\/attentionmedia.se\/demo\/large\/htryck\/webborder\/","title":{"rendered":"Webborder"},"content":{"rendered":"<p>[vc_row css=&#8221;.vc_custom_1545557315044{padding-top: 40px !important;padding-bottom: 40px !important;}&#8221;][vc_column][vc_custom_heading text=&#8221;Webborder&#8221; font_container=&#8221;tag:h1|text_align:center&#8221; use_theme_fonts=&#8221;yes&#8221; cms_custom_headding=&#8221;cms-title-bottom-line style3&#8243;][\/vc_column][\/vc_row][vc_row][vc_column width=&#8221;2\/3&#8243;][vc_column_text]Best\u00e4ll dina trycksaker on-line, logga in h\u00e4r. Har ni gl\u00f6mt anv\u00e4ndarnamn och l\u00f6senord eller vill ni l\u00e4gga er order via telefon, ring Susanne Lindberg p\u00e5 0433-798 07.[\/vc_column_text][vc_raw_html]JTNDZm9ybSUyMG5hbWUlM0Rsb2dpbiUzRSUwQSUzQ2xhYmVsJTIwZm9yJTNEJTIydXNlcm5hbWUlMjIlM0VBbnYlQzMlQTRuZGFybmFtbiUzQSUzQyUyRmxhYmVsJTNFJTBBJTNDaW5wdXQlMjBuYW1lJTNEJTIydXNlcm5hbWUlMjIlMjBpZCUzRCUyMnVzZXJuYW1lJTIyJTIwdHlwZSUzRCUyMnRleHQlMjIlMjBzaXplJTNEJTIyMjAlMjIlMjAlMkYlM0UlMEElMEElM0NsYWJlbCUyMGZvciUzRCUyMnBhc3N3b3JkJTIyJTNFTCVDMyVCNnNlbm9yZCUzQyUyRmxhYmVsJTNFJTBBJTNDaW5wdXQlMjBuYW1lJTNEJTIycGFzc3dvcmQlMjIlMjBpZCUzRCUyMnBhc3N3b3JkJTIyJTIwdHlwZSUzRCUyMnBhc3N3b3JkJTIyJTIwc2l6ZSUzRCUyMjIwJTIyJTIwJTJGJTNFJTBBJTIwJTIwJTIwJTIwJTIwJTIwJTIwJTIwJTIwJTIwJTIwJTIwJTIwJTIwJTIwJTIwJTIwJTIwJTIwJTBBJTIwJTNDaW5wdXQlMjB0eXBlJTNEJTIyYnV0dG9uJTIyJTIwdmFsdWUlM0QlMjJMb2dnYSUyMGluJTIyJTIwb25jbGljayUzRCUyMkxvZ2luJTI4JTI5JTIyJTIwbmFtZSUzRCUyMmJ1dHRvbiUyMiUyMCUyRiUzRSUwQSUzQyUyRmZvcm0lM0U=[\/vc_raw_html][vc_raw_js]JTNDc2NyaXB0JTIwdHlwZSUzRCUyMnRleHQlMkZqYXZhc2NyaXB0JTIyJTIwc3JjJTNEJTIyJTJGd2ViYm9yZGVyLXYxJTJGb3JkZXIuanMlMjIlM0UlM0MlMkZzY3JpcHQlM0U=[\/vc_raw_js][\/vc_column][vc_column width=&#8221;1\/3&#8243;][\/vc_column][\/vc_row]<\/p>\n","protected":false},"excerpt":{"rendered":"<p>[vc_row css=&#8221;.vc_custom_1545557315044{padding-top: 40px !important;padding-bottom: 40px !important;}&#8221;][vc_column][vc_custom_heading text=&#8221;Webborder&#8221; font_container=&#8221;tag:h1|text_align:center&#8221; use_theme_fonts=&#8221;yes&#8221; cms_custom_headding=&#8221;cms-title-bottom-line style3&#8243;][\/vc_column][\/vc_row][vc_row][vc_column width=&#8221;2\/3&#8243;][vc_column_text]Best\u00e4ll dina trycksaker on-line, logga in h\u00e4r. Har ni gl\u00f6mt anv\u00e4ndarnamn och l\u00f6senord eller vill ni l\u00e4gga er order via telefon, ring Susanne Lindberg p\u00e5 0433-798 07.[\/vc_column_text][vc_raw_html]JTNDZm9ybSUyMG5hbWUlM0Rsb2dpbiUzRSUwQSUzQ2xhYmVsJTIwZm9yJTNEJTIydXNlcm5hbWUlMjIlM0VBbnYlQzMlQTRuZGFybmFtbiUzQSUzQyUyRmxhYmVsJTNFJTBBJTNDaW5wdXQlMjBuYW1lJTNEJTIydXNlcm5hbWUlMjIlMjBpZCUzRCUyMnVzZXJuYW1lJTIyJTIwdHlwZSUzRCUyMnRleHQlMjIlMjBzaXplJTNEJTIyMjAlMjIlMjAlMkYlM0UlMEElMEElM0NsYWJlbCUyMGZvciUzRCUyMnBhc3N3b3JkJTIyJTNFTCVDMyVCNnNlbm9yZCUzQyUyRmxhYmVsJTNFJTBBJTNDaW5wdXQlMjBuYW1lJTNEJTIycGFzc3dvcmQlMjIlMjBpZCUzRCUyMnBhc3N3b3JkJTIyJTIwdHlwZSUzRCUyMnBhc3N3b3JkJTIyJTIwc2l6ZSUzRCUyMjIwJTIyJTIwJTJGJTNFJTBBJTIwJTIwJTIwJTIwJTIwJTIwJTIwJTIwJTIwJTIwJTIwJTIwJTIwJTIwJTIwJTIwJTIwJTIwJTIwJTBBJTIwJTNDaW5wdXQlMjB0eXBlJTNEJTIyYnV0dG9uJTIyJTIwdmFsdWUlM0QlMjJMb2dnYSUyMGluJTIyJTIwb25jbGljayUzRCUyMkxvZ2luJTI4JTI5JTIyJTIwbmFtZSUzRCUyMmJ1dHRvbiUyMiUyMCUyRiUzRSUwQSUzQyUyRmZvcm0lM0U=[\/vc_raw_html][vc_raw_js]JTNDc2NyaXB0JTIwdHlwZSUzRCUyMnRleHQlMkZqYXZhc2NyaXB0JTIyJTIwc3JjJTNEJTIyJTJGd2ViYm9yZGVyLXYxJTJGb3JkZXIuanMlMjIlM0UlM0MlMkZzY3JpcHQlM0U=[\/vc_raw_js][\/vc_column][vc_column width=&#8221;1\/3&#8243;][\/vc_column][\/vc_row]<\/p>\n","protected":false},"author":4,"featured_media":0,"parent":0,"menu_order":0,"comment_status":"closed","ping_status":"closed","template":"","meta":[],"_links":{"self":[{"href":"https:\/\/attentionmedia.se\/demo\/large\/htryck\/wp-json\/wp\/v2\/pages\/4419"}],"collection":[{"href":"https:\/\/attentionmedia.se\/demo\/large\/htryck\/wp-json\/wp\/v2\/pages"}],"about":[{"href":"https:\/\/attentionmedia.se\/demo\/large\/htryck\/wp-json\/wp\/v2\/types\/page"}],"author":[{"embeddable":true,"href":"https:\/\/attentionmedia.se\/demo\/large\/htryck\/wp-json\/wp\/v2\/users\/4"}],"replies":[{"embeddable":true,"href":"https:\/\/attentionmedia.se\/demo\/large\/htryck\/wp-json\/wp\/v2\/comments?post=4419"}],"version-history":[{"count":8,"href":"https:\/\/attentionmedia.se\/demo\/large\/htryck\/wp-json\/wp\/v2\/pages\/4419\/revisions"}],"predecessor-version":[{"id":4443,"href":"https:\/\/attentionmedia.se\/demo\/large\/htryck\/wp-json\/wp\/v2\/pages\/4419\/revisions\/4443"}],"wp:attachment":[{"href":"https:\/\/attentionmedia.se\/demo\/large\/htryck\/wp-json\/wp\/v2\/media?parent=4419"}],"curies":[{"name":"wp","href":"https:\/\/api.w.org\/{rel}","templated":true}]}}