


{"id":3046,"date":"2017-11-02T14:05:31","date_gmt":"2017-11-02T13:05:31","guid":{"rendered":"https:\/\/attentiontester2.one\/?page_id=3046"},"modified":"2018-08-29T11:55:56","modified_gmt":"2018-08-29T09:55:56","slug":"produkter","status":"publish","type":"page","link":"https:\/\/attentionmedia.se\/demo\/large\/htryck\/produkter\/","title":{"rendered":"Produkter"},"content":{"rendered":"<p>[vc_row full_width=&#8221;stretch_row&#8221; css=&#8221;.vc_custom_1523537181007{padding-top: 40px !important;padding-bottom: 40px !important;}&#8221;][vc_column width=&#8221;1\/12&#8243;][\/vc_column][vc_column width=&#8221;10\/12&#8243;][vc_custom_heading text=&#8221;Produkter&#8221; font_container=&#8221;tag:h1|text_align:center&#8221; use_theme_fonts=&#8221;yes&#8221; cms_custom_headding=&#8221;cms-title-bottom-line style3&#8243;][\/vc_column][vc_column width=&#8221;1\/12&#8243;][\/vc_column][\/vc_row][vc_row css=&#8221;.vc_custom_1522763258218{margin-bottom: 100px !important;}&#8221;][vc_column][cms_grid col_xs=&#8221;1&#8243; col_sm=&#8221;2&#8243; col_md=&#8221;3&#8243; col_lg=&#8221;3&#8243; portfolio_special_layout=&#8221;no&#8221; portfolio_item_space=&#8221;15px&#8221; show_hide_navigation=&#8221;no&#8221; source=&#8221;size:All|order_by:menu_order|order:ASC|post_type:produkter|tax_query:74&#8243; cms_template=&#8221;cms_grid&#8211;layout-portfolio-light.php&#8221; portfolio_margin_item=&#8221;7px&#8221;][vc_column_text css=&#8221;.vc_custom_1524831317318{margin-top: 100px !important;}&#8221;]<\/p>\n<p style=\"text-align: center;\">I \u00f6ver 100 \u00e5r har vi erbjudit v\u00e5ra kunder snabba och punktliga produktioner.<\/p>\n<p style=\"text-align: center;\">Med h\u00f6g tryckkvalitet och personlig service levererar vi alltid perfekta trycksaker, och tack vare v\u00e5r toppmoderna maskinpark \u2013 och v\u00e5r professionella personal \u2013 kan ni alltid vara s\u00e4kra p\u00e5 att trycksaker fr\u00e5n oss h\u00e5ller absolut h\u00f6gsta klass.<\/p>\n<p style=\"text-align: center;\">Vi h\u00e5ller n\u00e4ra kontakt med er under hela produktionen och arbetar aktivt f\u00f6r att hitta l\u00f6sningar som passar perfekt f\u00f6r just er. Har du en id\u00e9 ser vi m\u00f6jligheterna.<\/p>\n<p style=\"text-align: center;\">Tack vare v\u00e5rt optimerade produktionsfl\u00f6de erbjuder v\u00e5rt tryckeri minimala ledtider. Detta i kombination med sv\u00e5rslagna priser g\u00f6r att det aldrig har varit l\u00e4ttare att leverera helhetsl\u00f6sningar inom grafisk produktion.<\/p>\n<p style=\"text-align: center;\"><strong>Vi levererar h\u00f6gsta kvalit\u00e9<\/strong> till ett <strong>bra pris<\/strong>.<\/p>\n<p>[\/vc_column_text][\/vc_column][\/vc_row]<\/p>\n","protected":false},"excerpt":{"rendered":"<p>[vc_row full_width=&#8221;stretch_row&#8221; css=&#8221;.vc_custom_1523537181007{padding-top: 40px !important;padding-bottom: 40px !important;}&#8221;][vc_column width=&#8221;1\/12&#8243;][\/vc_column][vc_column width=&#8221;10\/12&#8243;][vc_custom_heading text=&#8221;Produkter&#8221; font_container=&#8221;tag:h1|text_align:center&#8221; use_theme_fonts=&#8221;yes&#8221; cms_custom_headding=&#8221;cms-title-bottom-line style3&#8243;][\/vc_column][vc_column width=&#8221;1\/12&#8243;][\/vc_column][\/vc_row][vc_row css=&#8221;.vc_custom_1522763258218{margin-bottom: 100px !important;}&#8221;][vc_column][cms_grid col_xs=&#8221;1&#8243; col_sm=&#8221;2&#8243; col_md=&#8221;3&#8243; col_lg=&#8221;3&#8243; portfolio_special_layout=&#8221;no&#8221; portfolio_item_space=&#8221;15px&#8221; show_hide_navigation=&#8221;no&#8221; source=&#8221;size:All|order_by:menu_order|order:ASC|post_type:produkter|tax_query:74&#8243; cms_template=&#8221;cms_grid&#8211;layout-portfolio-light.php&#8221; portfolio_margin_item=&#8221;7px&#8221;][vc_column_text css=&#8221;.vc_custom_1524831317318{margin-top: 100px !important;}&#8221;] I \u00f6ver 100 \u00e5r har vi erbjudit v\u00e5ra kunder snabba och punktliga produktioner. Med h\u00f6g tryckkvalitet och personlig service levererar vi alltid perfekta trycksaker, [&hellip;]<\/p>\n","protected":false},"author":4,"featured_media":0,"parent":0,"menu_order":0,"comment_status":"closed","ping_status":"closed","template":"","meta":[],"_links":{"self":[{"href":"https:\/\/attentionmedia.se\/demo\/large\/htryck\/wp-json\/wp\/v2\/pages\/3046"}],"collection":[{"href":"https:\/\/attentionmedia.se\/demo\/large\/htryck\/wp-json\/wp\/v2\/pages"}],"about":[{"href":"https:\/\/attentionmedia.se\/demo\/large\/htryck\/wp-json\/wp\/v2\/types\/page"}],"author":[{"embeddable":true,"href":"https:\/\/attentionmedia.se\/demo\/large\/htryck\/wp-json\/wp\/v2\/users\/4"}],"replies":[{"embeddable":true,"href":"https:\/\/attentionmedia.se\/demo\/large\/htryck\/wp-json\/wp\/v2\/comments?post=3046"}],"version-history":[{"count":19,"href":"https:\/\/attentionmedia.se\/demo\/large\/htryck\/wp-json\/wp\/v2\/pages\/3046\/revisions"}],"predecessor-version":[{"id":4029,"href":"https:\/\/attentionmedia.se\/demo\/large\/htryck\/wp-json\/wp\/v2\/pages\/3046\/revisions\/4029"}],"wp:attachment":[{"href":"https:\/\/attentionmedia.se\/demo\/large\/htryck\/wp-json\/wp\/v2\/media?parent=3046"}],"curies":[{"name":"wp","href":"https:\/\/api.w.org\/{rel}","templated":true}]}}